- 15. Give t(26).
-15
Let r(x) = -3*x**2 + 138*x + 194. Determine r(48).
-94
Let p(k) = -k**3 + 51*k**2 - 106*k - 314. Give p(49).
-706
Let f(q) = -q**3 - 99*q**2 + 10*q + 991. Calculate f(-99).
1
Let y(g) = g**2 + 20*g - 1508. What is y(30)?
-8
Let b(f) = 18*f - 43. Calculate b(3).
11
Let p(x) = 892*x - 3566. Determine p(4).
2
Let y(f) = -f**2 - 9*f - 19. Determine y(13).
-305
Let j(w) = w**2 - 69*w + 1295. Give j(25).
195
Let t(n) = 7*n**2 + 246*n + 284. Determine t(-34).
12
Let z(t) = 223*t + 665. Determine z(-3).
-4
Let p(h) = h**3 - 104*h**2 - 5*h + 570. Give p(104).
50
Let b(q) = q**2 - 2375*q + 11884. Determine b(5).
34
Let s(i) = 72*i + 361. Give s(-6).
-71
Let y(d) = 12*d - 370. Determine y(43).
146
Let u(h) = h**3 - 57*h**2 + 2*h - 79. Calculate u(57).
35
Let m(f) = f**3 + 9*f**2 + 21*f - 62. What is m(-9)?
-251
Let p(j) = -j**2 - 213*j - 5449. What is p(-30)?
41
Let l(j) = -77*j + 545. Give l(7).
6
Let w(q) = q**3 + 12*q**2 - 55*q - 547. Determine w(-13).
-1
Let x(w) = w**2 + 71*w + 267. Give x(-64).
-181
Let d(b) = 167*b - 490. Give d(3).
11
Let o(x) = x**3 - 6*x**2 + 2215*x - 15562. Give o(7).
-8
Let p(g) = g**3 + 10*g**2 + 11*g + 54. Give p(-10).
-56
Let b(t) = 365*t - 3236. Calculate b(9).
49
Let r(w) = -30*w**3 - 9*w**2 - 16*w - 1. What is r(-2)?
235
Let i(y) = -3*y**2 + 89*y - 119. What is i(28)?
21
Let n(k) = -k**3 + 24*k**2 - 138*k + 321. Determine n(17).
-2
Let r(c) = -c**2 + 257*c + 1051. Determine r(261).
7
Let r(u) = 69*u - 1525. Determine r(22).
-7
Let t(p) = -p**3 + 230*p**2 + 891*p + 10543. What is t(234)?
13
Let h(m) = -496*m + 6952. Give h(14).
8
Let u(o) = -15*o + 3. Give u(-1).
18
Let x(g) = 2*g**3 - 9*g**2 - 445*g - 31. Calculate x(-13).
-161
Let m(s) = -s**3 + 181*s**2 + 4*s - 752. What is m(181)?
-28
Let r(v) = 775*v - 6178. What is r(8)?
22
Let k(x) = -46*x - 627. Determine k(-11).
-121
Let p(f) = 77*f - 2572. Give p(33).
-31
Let k(q) = 3*q**3 + 24*q**2 + 48*q + 13. Give k(-6).
-59
Let o(c) = -5*c**3 + 57*c**2 + 42*c - 75. What is o(12)?
-3
Let s(l) = l**2 - 41*l - 274. Give s(52).
298
Let c(x) = -7*x**2 - 512*x - 75. Determine c(-73).
-2
Let u(k) = -153*k + 57. Determine u(1).
-96
Let p(s) = -24*s**3 + 4*s**2 - 13*s + 21. Calculate p(2).
-181
Let u(b) = -2*b**2 + 95*b + 2698. Calculate u(-20).
-2
Let t(m) = -28*m**2 + 777*m + 192. What is t(28)?
-4
Let b(y) = -252*y + 4036. Give b(16).
4
Let o(r) = 111*r - 550. Calculate o(5).
5
Let p(r) = -4*r**2 + 3*r + 338. What is p(0)?
338
Let u(n) = -13*n - 1118. Give u(-70).
-208
Let d(b) = 4*b**2 - b - 27. Determine d(-7).
176
Let s(t) = -30*t**3 + 6*t**2 - 8*t + 3. Calculate s(1).
-29
Let o(p) = p**2 - 48*p - 319. Give o(-6).
5
Let i(t) = -3049*t - 6082. Give i(-2).
16
Let g(z) = 12*z**2 - 14*z + 33. Determine g(3).
99
Let h(o) = -o**3 + 77*o**2 - 217*o - 156. Determine h(74).
214
Let q(z) = 2*z**3 - 205*z**2 - 2498*z + 25. What is q(-11)?
36
Let q(a) = -241*a - 3549. What is q(-15)?
66
Let c(i) = 33*i**2 - i - 1. Calculate c(-1).
33
Let n(c) = 3*c**2 - 3611*c + 14407. Determine n(4).
11
Let i(y) = -2*y**3 + 43*y**2 + 23*y + 5. What is i(22)?
27
Let s(g) = -16*g - 289. Give s(-24).
95
Let q(u) = 2*u**3 - 8*u**2 - 9*u + 18. Calculate q(0).
18
Let i(j) = -2*j**2 - 20*j + 209. What is i(6)?
17
Let a(b) = -70*b - 2086. Determine a(-30).
14
Let c(y) = 3*y**3 + 36*y**2 - 70*y + 8. Calculate c(-12).
848
Let c(t) = -769*t + 31. Calculate c(0).
31
Let j(b) = -31*b - 223. Calculate j(-8).
25
Let u(i) = 2*i**3 + 13*i**2 + 2*i - 1. Calculate u(-5).
64
Let a(v) = -3*v**3 - 21*v**2 + 55*v + 2. Determine a(2).
4
Let k(c) = 9*c**2 - 817*c - 115. Determine k(91).
67
Let c(h) = 5555*h - 49988. What is c(9)?
7
Let a(i) = 6*i**2 + 123*i - 534. Give a(-24).
-30
Let s(f) = -4*f**2 + 119*f - 318. Give s(3).
3
Let d(a) = -4*a**3 + 51*a**2 - 33*a + 28. What is d(12)?
64
Let f(u) = -u**3 + 3*u**2 - 79*u - 620. Determine f(-5).
-25
Let j(a) = 84*a + 1156. Calculate j(-12).
148
Let s(j) = -j**2 + 36*j - 126. Calculate s(4).
2
Let p(j) = -77*j - 413. Determine p(-5).
-28
Let l(o) = -37*o - 1801. Give l(-49).
12
Let l(m) = -m**3 - 6*m**2 + 11*m + 13. Determine l(-9).
157
Let c(n) = -31*n - 2084. Give c(-68).
24
Let z(w) = 54*w**2 + 1595*w - 745. Give z(-30).
5
Let f(t) = -7*t**3 - 6*t**2 - 18*t - 16. Calculate f(-2).
52
Let l(s) = -2*s**3 + 80*s**2 + 120*s - 1530. Determine l(41).
28
Let y(c) = -626*c**2 - 4*c + 2. Calculate y(0).
2
Let s(c) = -78*c + 113. Give s(2).
-43
Let q(w) = -247*w - 522. Calculate q(-2).
-28
Let x(j) = -j**2 - 193*j + 15808. Give x(62).
-2
Let y(j) = -j**3 + 14*j**2 - 43*j + 615. Determine y(14).
13
Let t(b) = -4*b**2 + 16*b + 80. Determine t(-4).
-48
Let l(d) = 2*d**2 - 27*d - 187. What is l(18)?
-25
Let w(m) = 16*m**2 + 43*m - 265. Calculate w(3).
8
Let k(y) = -3*y**3 + 91*y**2 - 29*y - 59. What is k(30)?
-29
Let u(i) = -i**2 + 380*i + 4297. What is u(-11)?
-4
Let g(s) = s - 83. Determine g(93).
10
Let h(s) = 403*s**2 + 402*s + 1. What is h(-1)?
2
Let p(r) = -3*r + 169. Determine p(63).
-20
Let r(c) = c**2 + 17*c + 1. Determine r(-14).
-41
Let j(m) = 20*m**3 + 4*m**2 + 11*m + 13. Calculate j(-1).
-14
Let z(a) = a**3 - 9*a**2 + 11*a - 27. What is z(8)?
-3
Let s(i) = 2*i**3 + 22*i**2 + 51*i + 5. What is s(-8)?
-19
Let c(g) = -3*g**2 - 10*g + 10. Calculate c(-4).
2
Let z(c) = 3*c**3 - c**2 - 40*c + 6. What is z(-5)?
-194
Let r(f) = -2196*f + 30738. Determine r(14).
-6
Let s(f) = -f**3 - 68*f**2 + 210*f - 176. What is s(-71)?
37
Let k(u) = 913*u + 1823. Give k(-2).
-3
Let d(q) = -q**2 + 12*q + 26. What is d(16)?
-38
Let w(r) = 2*r**2 - 1559*r + 13862. Give w(9).
-7
Let v(i) = -3*i**2 - 60*i - 44. Determine v(-13).
229
Let z(g) = 2*g**2 + 109*g - 5059. What is z(30)?
11
Let h(l) = -60*l + 227. Calculate h(0).
227
Let l(k) = -1251*k + 71309. Determine l(57).
2
Let d(m) = 150*m**2 - 301*m - 6. What is d(2)?
-8
Let u(m) = -487*m - 4871. What is u(-10)?
-1
Let c(g) = 17*g**2 - 92*g + 3. Determine c(4).
-93
Let m(f) = f**3 + 24*f**2 + 93*f + 26. Determine m(-20).
-234
Let b(c) = -c**3 - 63*c**2 - 123*c - 51. Give b(-61).
10
Let v(h) = h**3 - 38*h**2 + 39*h - 29. Calculate v(37).
45
Let r(c) = 32*c + 81. Calculate r(-8).
-175
Let c(w) = -w - 73. Calculate c(-6).
-67
Let g(o) = -o**2 - 29*o + 112. Determine g(4).
-20
Let i(r) = -4*r**2 + 161*r - 310. What is i(2)?
-4
Let p(q) = -54*q**2 + 91*q - 185. What is p(2)?
-219
Let m(k) = -21*k + 382. Give m(16).
46
Let w(o) = 3*o**2 - 20*o + 6. Calculate w(6).
-6
Let o(h) = 5*h**2 + 600*h + 520. Give o(-119).
-75
Let s(k) = 146*k**2 - 3*k - 13. What is s(-2)?
577
Let z(w) = -w**3 + 16*w**2 - 53*w + 8. What is z(12)?
-52
Let i(q) = -217*q - 3568. Give i(-16).
-96
Let s(v) = 4*v**2 + 124*v + 27. Calculate s(-22).
-765
Let u(t) = -7*t**3 + 2*t**2 + 10*t - 26. Calculate u(2).
-54
Let z(k) = 7*k**2 + 10*k - 46. Calculate z(6).
266
Let n(h) = -2634*h - 21081. What is n(-8)?
-9
Let z(g) = 3*g**3 - 12*g**2 - 11*g - 25. Determine z(5).
-5
Let s(y) = 3*y**3 + 98*y**2 - 135*y - 3. Give s(-34).
-37
Let u(b) = 38*b**2 - 15*b + 15. Determine u(1).
38
Let z(u) = -6*u - 28. Determine z(20).
-148
Let u(p) = 32*p. Determine u(-2).
-64
Let g(b) = -4*b**2 - 3*b + 33. Determine g(-3).
6
Let d(m) = -2*m**3 + 40*m**2 - 7*m + 29. Determine d(20).
-111
Let h(a) = -5*a**2 - 33*a + 19. Give h(-10).
-151
Let z(v) = -594*v + 4114. Calculate z(7).
-44
Let x(m) = -95*m - 372. Determine x(-4).
8
Let t(l) = l**3 - 40*l**2 - 4*l - 2. Determine t(40).
-162
Let r(f) = -f**3 + 10*f**2 + 460*f + 13. Determine r(-17).
-4
Let r(b) = 3*b**2 + 65*b - 55. Calculate r(-20).
-155
Let w(t) = 78*t - 674. Give w(8).
-50
Let t(m) = 31*m - 466. Give t(0).
-466
Let m(w) = 832*w**2 - 9150*w - 16. Give m(11).
6
Let g(j) = -5*j**2 - 31*j - 95. Determine g(-3).
-47
Let p(d) = d**2 - 58*d + 846. Determine p(30).
6
Let g(y) = 2*y**2 + 160*y + 1908. Determine g(-16).
-140
Let z(c) = -c**3 + 3*c**2 - 20*c - 113. Give z(-4).
79
Let r(a) = 14*a + 207. Give r(12).
375
Let m(q) = -244*q + 1189. Determine m(3).
457
Let x(b) = 2*b**2 - 23*b + 128. What is x(11)?
117
Let w(f) = f**3 - 6*f**2 + 33*f - 106. Calculate w(4).
-6
Let b(y) = 231*y - 6. Determine b(0).
-6
Let f(v) = -2*v**3 + 28*v**2 - 85*v - 57. Calculate f(6).
9
Let c(b) = 2067*b - 4125. Give c(2).
9
Let q(o) = 130*o - 788. Calculate q(6)